 964236?
6
What is the hundreds digit of 1239707?
7
What is the hundred thousands digit of 1375385?
3
What is the units digit of 1853010?
0
What is the hundreds digit of 5368969?
9
What is the thousands digit of 2658327?
8
What is the millions digit of 6341896?
6
What is the units digit of 6020035?
5
What is the tens digit of 2282368?
6
What is the hundred thousands digit of 202126?
2
What is the thousands digit of 4433040?
3
What is the tens digit of 114196?
9
What is the thousands digit of 7323798?
3
What is the millions digit of 2027422?
2
What is the thousands digit of 124815?
4
What is the hundred thousands digit of 1424962?
4
What is the units digit of 802383?
3
What is the millions digit of 1526974?
1
What is the ten thousands digit of 380074?
8
What is the thousands digit of 34106731?
6
What is the thousands digit of 1659224?
9
What is the hundreds digit of 4427532?
5
What is the tens digit of 2888398?
9
What is the thousands digit of 227132?
7
What is the hundred thousands digit of 684196?
6
What is the hundreds digit of 3281497?
4
What is the tens digit of 50814?
1
What is the units digit of 1079057?
7
What is the hundreds digit of 85176?
1
What is the hundred thousands digit of 2586805?
5
What is the ten thousands digit of 4340401?
4
What is the units digit of 105583?
3
What is the thousands digit of 1721576?
1
What is the ten thousands digit of 9951194?
5
What is the tens digit of 241181?
8
What is the hundreds digit of 912824?
8
What is the thousands digit of 28867888?
7
What is the ten thousands digit of 2333137?
3
What is the thousands digit of 3425192?
5
What is the ten thousands digit of 23675444?
7
What is the ten thousands digit of 14475?
1
What is the tens digit of 2792056?
5
What is the millions digit of 1474687?
1
What is the thousands digit of 977628?
7
What is the units digit of 2438671?
1
What is the ten thousands digit of 351620?
5
What is the units digit of 485132?
2
What is the millions digit of 15366985?
5
What is the hundred thousands digit of 5458834?
4
What is the thousands digit of 1408248?
8
What is the tens digit of 501433?
3
What is the thousands digit of 1323165?
3
What is the hundreds digit of 1889109?
1
What is the tens digit of 834397?
9
What is the ten thousands digit of 17049?
1
What is the tens digit of 4154288?
8
What is the tens digit of 170955?
5
What is the ten millions digit of 12421319?
1
What is the tens digit of 11548929?
2
What is the units digit of 54778?
8
What is the tens digit of 48031?
3
What is the hundred thousands digit of 391328?
3
What is the thousands digit of 2363637?
3
What is the millions digit of 4676287?
4
What is the tens digit of 186444?
4
What is the hundred thousands digit of 378081?
3
What is the thousands digit of 409055?
9
What is the tens digit of 76155?
5
What is the tens digit of 40116552?
5
What is the tens digit of 53189?
8
What is the thousands digit of 221661?
1
What is the millions digit of 2366785?
2
What is the hundred thousands digit of 2216394?
2
What is the ten thousands digit of 15762781?
6
What is the ten thousands digit of 4216747?
1
What is the hundreds digit of 492876?
8
What is the hundreds digit of 276460?
4
What is the hundred thousands digit of 685249?
6
What is the hundreds digit of 433460?
4
What is the thousands digit of 259009?
9
What is the hundred thousands digit of 1059343?
0
What is the hundred thousands digit of 147915?
1
What is the thousands digit of 266042?
6
What is the hundred thousands digit of 100804?
1
What is the tens digit of 81076?
7
What is the thousands digit of 9528213?
8
What is the ten thousands digit of 100448?
0
What is the units digit of 242215?
5
What is the millions digit of 2064932?
2
What is the ten thousands digit of 624507?
2
What is the hundreds digit of 1005879?
8
What is the ten millions digit of 11102456?
1
What is the tens digit of 3273871?
7
What is the ten millions digit of 13701246?
1
What is the hundred thousands digit of 128698?
1
What is the hundred thousands digit of 1386811?
3
What is the units digit of 175090?
0
What is the hundred thousands digit of 4894596?
8
What is the hundreds digit of 966593?
5
What is the hundreds digit of 4258091?
0
What is the hundred thousands digit of 3489622?
4
What is the tens digit of 8465383?
8
What is the units digit of 3986299?
9
What is the thousands digit of 53801?
3
What is the tens digit of 2985732?
3
What is the millions digit of 7988472?
7
What is the thousands digit of 2173801?
3
What is the millions digit of 1846088?
1
What is the units digit of 411990?
0
What is the thousands digit of 1749670?
9
What is the tens digit of 348050?
5
What is the tens digit of 419188?
8
What is the units digit of 1385942?
2
What is the hundreds digit of 5472269?
2
What is the thousands digit of 758476?
8
What is the ten thousands digit of 3547271?
4
What is the tens digit of 2749669?
6
What is the thousands digit of 300812?
0
What is the tens digit of 49497?
9
What is the thousands digit of 48446?
8
What is the hundreds digit of 1077091?
0
What is the hundred thousands digit of 1550917?
5
What is the units digit of 10469743?
3
What is the units digit of 4024365?
5
What is the tens digit of 150177?
7
What is the ten thousands digit of 1302976?
0
What is the hundreds digit of 21433996?
9
What is the tens digit of 2631181?
8
What is the hundred thousands digit of 3791235?
7
What is the thousands digit of 11962685?
2
What is the tens digit of 1434017?
1
What is the tens digit of 1216703?
0
What is the ten thousands digit of 831238?
3
What is the units digit of 12725725?
5
What is the units digit of 208093?
3
What is the hundreds digit of 10586591?
5
What is the units digit of 1565764?
4
What is the hundred thousands digit of 496753?
4
What is the tens digit of 132066?
6
What is the thousands digit of 79859?
9
What is the hundred thousands digit of 17615006?
6
What is the tens digit of 669323?
2
What is the tens digit of 187494?
9
What is the tens digit of 303091?
9
What is the units digit of 12351055?
5
What is the millions digit of 35961126?
5
What is the units digit of 7951374?
4
What is the ten thousands digit of 78760?
7
What is the hundreds digit of 577466?
4
What is the units digit of 858833?
3
What is the hundreds digit of 344201?
2
What is the hundred thousands digit of 248332?
2
What is the tens digit of 66583?
8
What is the tens digit of 408800?
0
What is the hundreds digit of 4330998?
9
What is the hundreds digit of 1095343?
3
What is the tens digit of 77385?
8
What is the hundred thousands digit of 612038?
6
What is the tens digit of 22623355?
5
What is the tens digit of 3575533?
3
What is the thousands digit of 973245?
3
What is the tens digit of 150342?
4
What is the thousands digit of 894427?
4
What is the units digit of 211248?
8
What is the ten thousands digit of 643247?
4
What is the millions digit of 6891737?
6
What is the units digit of 8971748?
8
What is the thousands digit of 3541232?
1
What is the tens digit of 1610816?
1
What is the hundred thousands digit of 876408?
8
What is the tens digit of 537605?
0
What is the thousands digit of 2020155?
0
What is the units digit of 11761503?
3
What is the thousands digit of 60710?
0
What is the hundreds digit of 14782867?
8
What is the units digit of 21116967?
7
What is the tens digit of 3076292?
9
What is the tens digit of 409501?
0
What is the hundred thousands digit of 624287?
6
What is the tens digit of 2274785?
8
What is the tens digit of 3324201?
0
What is the tens digit of 6195119?
1
What is the ten thousands digit of 3305024?
0
What is the tens digit of 2469970?
7
What is the hundred thousands digit of 9497306?
4
What is the thousands digit of 37789652?
9
What is the millions digit of 1875849?
1
What is the thousands digit of 3870256?
0
What is the hundreds digit of 361222?
2
What is the hundred thousands digit of 20383826?
3
What is the ten thousands digit of 3115462?
1
What is the units digit of 2544049?
9
What is the thousands digit of 282992?
2
What is the thousands digit of 449472?
9
What is the millions digit of 1438453?
1
What is the thousands digit of 206299?
6
What is the hundreds digit of 201270?
2
What is the hundred thousands digit of 619681?
6
What is the hundreds digit of 478685?
6
What is the